{"id":10558,"date":"2024-10-09T21:29:50","date_gmt":"2024-10-10T03:29:50","guid":{"rendered":"https:\/\/theoutdoorshubgt.com\/shop\/?post_type=product&#038;p=10558"},"modified":"2025-02-07T12:52:16","modified_gmt":"2025-02-07T18:52:16","slug":"yeti-rambler-4-oz-espresso-cup-2pk-seafoam","status":"publish","type":"product","link":"https:\/\/theoutdoorshubgt.com\/shop\/index.php\/product\/yeti-rambler-4-oz-espresso-cup-2pk-seafoam\/","title":{"rendered":"YETI RAMBLER 4 OZ ESPRESSO CUP 2PK"},"content":{"rendered":"<ul class=\"a-unordered-list a-vertical a-spacing-mini\">\n<li class=\"a-spacing-mini\"><span class=\"a-list-item\">No dejes que la naturaleza se interponga en tu ritual de caf\u00e9. Las tazas Rambler de 4 onzas que se pueden apilar est\u00e1n dise\u00f1adas para esas dosis concentradas que te ayudan a concentrarte en lo que viene a continuaci\u00f3n.<\/span><\/li>\n<li class=\"a-spacing-mini\"><span class=\"a-list-item\">Apta para camarero: dise\u00f1ada para adaptarse a la mayor\u00eda de las m\u00e1quinas de expreso y apta para lavaplatos porque nadie necesita m\u00e1s trabajo que hacer.<\/span><\/li>\n<li class=\"a-spacing-mini\"><span class=\"a-list-item\">Forro de cer\u00e1mica DuraSip: combina el aspecto y la sensaci\u00f3n cl\u00e1sicos de la cer\u00e1mica con la durabilidad por la cual YETI es conocido, el forro de cer\u00e1mica DuraSip est\u00e1 fusionado con acero inoxidable aislado al vac\u00edo 18\/8, por lo que es lo suficientemente resistente como para soportar ca\u00eddas y seguir disfrutando.<\/span><\/li>\n<li class=\"a-spacing-mini\"><span class=\"a-list-item\">Se pueden apilar: la capacidad de apilamiento de estas tazas las hace ideales para m\u00e1quinas de expreso, cocinas de campamento y muchos m\u00e1s.<\/span><\/li>\n<li class=\"a-spacing-mini\"><span class=\"a-list-item\">Vaso de trago corto: \u00bfno te gustan los tragos de expreso? Hmmmmm, tal vez haya otras bebidas que vienen en forma de trago.<\/span><\/li>\n<\/ul>\n","protected":false},"excerpt":{"rendered":"<ul class=\"a-unordered-list a-vertical a-spacing-mini\">\n<li class=\"a-spacing-mini\"><span class=\"a-list-item\">No dejes que la naturaleza se interponga en tu ritual de caf\u00e9. Las tazas Rambler de 4 onzas que se pueden apilar est\u00e1n dise\u00f1adas para esas dosis concentradas que te ayudan a concentrarte en lo que viene a continuaci\u00f3n.<\/span><\/li>\n<li class=\"a-spacing-mini\"><span class=\"a-list-item\">Apta para camarero: dise\u00f1ada para adaptarse a la mayor\u00eda de las m\u00e1quinas de expreso y apta para lavaplatos porque nadie necesita m\u00e1s trabajo que hacer.<\/span><\/li>\n<li class=\"a-spacing-mini\"><span class=\"a-list-item\">Forro de cer\u00e1mica DuraSip: combina el aspecto y la sensaci\u00f3n cl\u00e1sicos de la cer\u00e1mica con la durabilidad por la cual YETI es conocido, el forro de cer\u00e1mica DuraSip est\u00e1 fusionado con acero inoxidable aislado al vac\u00edo 18\/8, por lo que es lo suficientemente resistente como para soportar ca\u00eddas y seguir disfrutando.<\/span><\/li>\n<li class=\"a-spacing-mini\"><span class=\"a-list-item\">Se pueden apilar: la capacidad de apilamiento de estas tazas las hace ideales para m\u00e1quinas de expreso, cocinas de campamento y muchos m\u00e1s.<\/span><\/li>\n<li class=\"a-spacing-mini\"><span class=\"a-list-item\">Vaso de trago corto: \u00bfno te gustan los tragos de expreso? Hmmmmm, tal vez haya otras bebidas que vienen en forma de trago.<\/span><\/li>\n<\/ul>\n","protected":false},"featured_media":14491,"template":"","meta":[],"product_cat":[299,91],"product_tag":[],"class_list":{"0":"post-10558","1":"product","2":"type-product","3":"status-publish","4":"has-post-thumbnail","6":"product_brand-yeti","7":"product_cat-bar-y-cafe","8":"product_cat-yeti","10":"first","11":"outofstock","12":"shipping-taxable","13":"purchasable","14":"product-type-variable","15":"has-default-attributes"},"_links":{"self":[{"href":"https:\/\/theoutdoorshubgt.com\/shop\/index.php\/wp-json\/wp\/v2\/product\/10558","targetHints":{"allow":["GET"]}}],"collection":[{"href":"https:\/\/theoutdoorshubgt.com\/shop\/index.php\/wp-json\/wp\/v2\/product"}],"about":[{"href":"https:\/\/theoutdoorshubgt.com\/shop\/index.php\/wp-json\/wp\/v2\/types\/product"}],"wp:featuredmedia":[{"embeddable":true,"href":"https:\/\/theoutdoorshubgt.com\/shop\/index.php\/wp-json\/wp\/v2\/media\/14491"}],"wp:attachment":[{"href":"https:\/\/theoutdoorshubgt.com\/shop\/index.php\/wp-json\/wp\/v2\/media?parent=10558"}],"wp:term":[{"taxonomy":"product_cat","embeddable":true,"href":"https:\/\/theoutdoorshubgt.com\/shop\/index.php\/wp-json\/wp\/v2\/product_cat?post=10558"},{"taxonomy":"product_tag","embeddable":true,"href":"https:\/\/theoutdoorshubgt.com\/shop\/index.php\/wp-json\/wp\/v2\/product_tag?post=10558"}],"curies":[{"name":"wp","href":"https:\/\/api.w.org\/{rel}","templated":true}]}}