{"id":11469,"date":"2024-10-12T18:59:31","date_gmt":"2024-10-13T00:59:31","guid":{"rendered":"https:\/\/theoutdoorshubgt.com\/shop\/?post_type=product&#038;p=11469"},"modified":"2026-03-03T14:26:22","modified_gmt":"2026-03-03T20:26:22","slug":"kuhl-renegade-afire-chino-koal-30x32","status":"publish","type":"product","link":"https:\/\/theoutdoorshubgt.com\/shop\/index.php\/product\/kuhl-renegade-afire-chino-koal-30x32\/","title":{"rendered":"KUHL RENEGADE AFIRE CHINO KOAL"},"content":{"rendered":"<p>Los vers\u00e1tiles pantalones chinos RENEGADE\u2122 AFIRE ofrecen la resistencia y durabilidad de los pantalones de senderismo disfrazados de chinos. Suave pero duradero, nuestro exclusivo tejido softshell se seca r\u00e1pidamente y es resistente a la abrasi\u00f3n y al agua. El estiramiento superior y el patr\u00f3n articulado le permiten moverse libremente.<\/p>\n","protected":false},"excerpt":{"rendered":"<ul>\n<li>Tejido de alta tecnolog\u00eda, ligero pero duradero.<\/li>\n<li>Comodidad premium con elasticidad.<\/li>\n<li>Protecci\u00f3n solar m\u00e1xima UPF 50+<\/li>\n<\/ul>\n","protected":false},"featured_media":15198,"template":"","meta":[],"product_cat":[100,94,72],"product_tag":[],"class_list":{"0":"post-11469","1":"product","2":"type-product","3":"status-publish","4":"has-post-thumbnail","6":"product_brand-kuhl","7":"product_cat-pantalones","8":"product_cat-productos","9":"product_cat-ropa-tecnica-para-hombre","11":"first","12":"outofstock","13":"shipping-taxable","14":"purchasable","15":"product-type-variable"},"_links":{"self":[{"href":"https:\/\/theoutdoorshubgt.com\/shop\/index.php\/wp-json\/wp\/v2\/product\/11469","targetHints":{"allow":["GET"]}}],"collection":[{"href":"https:\/\/theoutdoorshubgt.com\/shop\/index.php\/wp-json\/wp\/v2\/product"}],"about":[{"href":"https:\/\/theoutdoorshubgt.com\/shop\/index.php\/wp-json\/wp\/v2\/types\/product"}],"wp:featuredmedia":[{"embeddable":true,"href":"https:\/\/theoutdoorshubgt.com\/shop\/index.php\/wp-json\/wp\/v2\/media\/15198"}],"wp:attachment":[{"href":"https:\/\/theoutdoorshubgt.com\/shop\/index.php\/wp-json\/wp\/v2\/media?parent=11469"}],"wp:term":[{"taxonomy":"product_cat","embeddable":true,"href":"https:\/\/theoutdoorshubgt.com\/shop\/index.php\/wp-json\/wp\/v2\/product_cat?post=11469"},{"taxonomy":"product_tag","embeddable":true,"href":"https:\/\/theoutdoorshubgt.com\/shop\/index.php\/wp-json\/wp\/v2\/product_tag?post=11469"}],"curies":[{"name":"wp","href":"https:\/\/api.w.org\/{rel}","templated":true}]}}