{"id":11561,"date":"2024-10-12T18:59:58","date_gmt":"2024-10-13T00:59:58","guid":{"rendered":"https:\/\/theoutdoorshubgt.com\/shop\/?post_type=product&#038;p=11561"},"modified":"2026-04-13T10:34:23","modified_gmt":"2026-04-13T16:34:23","slug":"kuhl-ws-transcendr-legging-raven-s","status":"publish","type":"product","link":"https:\/\/theoutdoorshubgt.com\/shop\/index.php\/product\/kuhl-ws-transcendr-legging-raven-s\/","title":{"rendered":"KUHL W&#8217;S TRANSCENDR LEGGING RAVEN"},"content":{"rendered":"<p>Hemos llevado la libertad flexible y la comodidad superior de las mallas al siguiente nivel. Las LEGGINGS TRANSCENDR\u00ae cuentan con nuestra tela softshell duradera fusionada con paneles el\u00e1sticos de punto para una transpirabilidad y rango de movimiento superiores. Elimina cualquier inconveniente de tu pr\u00f3xima aventura al aire libre con unos leggings muy vers\u00e1tiles y resistentes a los senderos.<\/p>\n","protected":false},"excerpt":{"rendered":"<ul>\n<li>Mallas duraderas de softshell listas para senderos.<\/li>\n<li>Legging estilo yoga con cinturilla el\u00e1stica de talle alto<\/li>\n<li>Flexibilidad y elasticidad premium<\/li>\n<li>Acabado resistente al agua<\/li>\n<li>Tejido Knit Harmony en los costados, la entrepierna y la cintura para mayor comodidad y transpirabilidad.<\/li>\n<li>Bolsillo tipo sobre en la parte exterior derecha del muslo para guardar tu tel\u00e9fono<\/li>\n<li>La entrepierna de 29&#8243; para este pantal\u00f3n se considera de largo normal y est\u00e1 dise\u00f1ada para llegar al tobillo.<\/li>\n<li>Abertura inferior de la pierna: 8.25\u201d<\/li>\n<li>Protecci\u00f3n solar UPF 50<\/li>\n<\/ul>\n","protected":false},"featured_media":15554,"template":"","meta":[],"product_cat":[107,94,73],"product_tag":[],"class_list":{"0":"post-11561","1":"product","2":"type-product","3":"status-publish","4":"has-post-thumbnail","6":"product_brand-kuhl","7":"product_cat-pantalones-ropa-tecnica-para-mujer","8":"product_cat-productos","9":"product_cat-ropa-tecnica-para-mujer","11":"first","12":"instock","13":"shipping-taxable","14":"purchasable","15":"product-type-variable"},"_links":{"self":[{"href":"https:\/\/theoutdoorshubgt.com\/shop\/index.php\/wp-json\/wp\/v2\/product\/11561","targetHints":{"allow":["GET"]}}],"collection":[{"href":"https:\/\/theoutdoorshubgt.com\/shop\/index.php\/wp-json\/wp\/v2\/product"}],"about":[{"href":"https:\/\/theoutdoorshubgt.com\/shop\/index.php\/wp-json\/wp\/v2\/types\/product"}],"wp:featuredmedia":[{"embeddable":true,"href":"https:\/\/theoutdoorshubgt.com\/shop\/index.php\/wp-json\/wp\/v2\/media\/15554"}],"wp:attachment":[{"href":"https:\/\/theoutdoorshubgt.com\/shop\/index.php\/wp-json\/wp\/v2\/media?parent=11561"}],"wp:term":[{"taxonomy":"product_cat","embeddable":true,"href":"https:\/\/theoutdoorshubgt.com\/shop\/index.php\/wp-json\/wp\/v2\/product_cat?post=11561"},{"taxonomy":"product_tag","embeddable":true,"href":"https:\/\/theoutdoorshubgt.com\/shop\/index.php\/wp-json\/wp\/v2\/product_tag?post=11561"}],"curies":[{"name":"wp","href":"https:\/\/api.w.org\/{rel}","templated":true}]}}