{"id":11618,"date":"2024-10-12T19:00:27","date_gmt":"2024-10-13T01:00:27","guid":{"rendered":"https:\/\/theoutdoorshubgt.com\/shop\/?post_type=product&#038;p=11618"},"modified":"2026-03-03T12:59:22","modified_gmt":"2026-03-03T18:59:22","slug":"kuhl-arabella-v-neck-ls-evergreen-l","status":"publish","type":"product","link":"https:\/\/theoutdoorshubgt.com\/shop\/index.php\/product\/kuhl-arabella-v-neck-ls-evergreen-l\/","title":{"rendered":"KUHL ARABELLA V NECK LS EVERGREEN"},"content":{"rendered":"<p>La manga corta con cuello en V ARABELLA\u2122 es una prenda b\u00e1sica para el d\u00eda a d\u00eda, perfecta para las temperaturas c\u00e1lidas del verano. El algod\u00f3n org\u00e1nico 100 % transpirable con certificaci\u00f3n GOTS brinda comodidad ultrasuave y liviana cuando m\u00e1s lo necesita. Los detalles de costura \u00fanicos y un ajuste impecable llevan este dise\u00f1o informal al siguiente nivel.<\/p>\n<div id=\"simple-translate\" class=\"simple-translate-system-theme\">\n<div>\n<div class=\"simple-translate-button isShow\" style=\"background-image: url('chrome-extension:\/\/cllnohpbfenopiakdcjmjcbaeapmkcdl\/icons\/512.png'); height: 22px; width: 22px; top: 35px; left: -52px;\"><\/div>\n<div class=\"simple-translate-panel \" style=\"width: 300px; height: 200px; top: 0px; left: 0px; font-size: 13px;\">\n<div class=\"simple-translate-result-wrapper\" style=\"overflow: hidden;\">\n<div class=\"simple-translate-move\" draggable=\"true\"><\/div>\n<div class=\"simple-translate-result-contents\">\n<p class=\"simple-translate-candidate\" dir=\"auto\">\n<\/div>\n<\/div>\n<\/div>\n<\/div>\n<\/div>\n","protected":false},"excerpt":{"rendered":"<ul>\n<li>100% algod\u00f3n org\u00e1nico con certificaci\u00f3n GOTS<\/li>\n<li>Ultrasuave<\/li>\n<li>Ligero y transpirable<\/li>\n<li>Cuello en V cl\u00e1sico<\/li>\n<li>Amplias aberturas para los brazos.<\/li>\n<li>Detalles de costura elegantes<\/li>\n<li>Dobladillo inferior curvado<\/li>\n<li>Importado<\/li>\n<\/ul>\n","protected":false},"featured_media":14937,"template":"","meta":[],"product_cat":[106,94,73],"product_tag":[],"class_list":{"0":"post-11618","1":"product","2":"type-product","3":"status-publish","4":"has-post-thumbnail","6":"product_brand-kuhl","7":"product_cat-blusas","8":"product_cat-productos","9":"product_cat-ropa-tecnica-para-mujer","11":"first","12":"instock","13":"shipping-taxable","14":"purchasable","15":"product-type-variable"},"_links":{"self":[{"href":"https:\/\/theoutdoorshubgt.com\/shop\/index.php\/wp-json\/wp\/v2\/product\/11618","targetHints":{"allow":["GET"]}}],"collection":[{"href":"https:\/\/theoutdoorshubgt.com\/shop\/index.php\/wp-json\/wp\/v2\/product"}],"about":[{"href":"https:\/\/theoutdoorshubgt.com\/shop\/index.php\/wp-json\/wp\/v2\/types\/product"}],"wp:featuredmedia":[{"embeddable":true,"href":"https:\/\/theoutdoorshubgt.com\/shop\/index.php\/wp-json\/wp\/v2\/media\/14937"}],"wp:attachment":[{"href":"https:\/\/theoutdoorshubgt.com\/shop\/index.php\/wp-json\/wp\/v2\/media?parent=11618"}],"wp:term":[{"taxonomy":"product_cat","embeddable":true,"href":"https:\/\/theoutdoorshubgt.com\/shop\/index.php\/wp-json\/wp\/v2\/product_cat?post=11618"},{"taxonomy":"product_tag","embeddable":true,"href":"https:\/\/theoutdoorshubgt.com\/shop\/index.php\/wp-json\/wp\/v2\/product_tag?post=11618"}],"curies":[{"name":"wp","href":"https:\/\/api.w.org\/{rel}","templated":true}]}}