{"id":12548,"date":"2024-10-14T20:43:08","date_gmt":"2024-10-15T02:43:08","guid":{"rendered":"https:\/\/theoutdoorshubgt.com\/shop\/index.php\/product\/nite-ize-s-biner-stainless-steel-dual-carabiner-2\/"},"modified":"2026-03-05T12:21:16","modified_gmt":"2026-03-05T18:21:16","slug":"nite-ize-s-biner-stainless-steel-dual-carabiner-2","status":"publish","type":"product","link":"https:\/\/theoutdoorshubgt.com\/shop\/index.php\/product\/nite-ize-s-biner-stainless-steel-dual-carabiner-2\/","title":{"rendered":"NITE IZE S-BINER STAINLESS STEEL DUAL CARABINER"},"content":{"rendered":"<p>El ic\u00f3nico dise\u00f1o S-Biner permite una conexi\u00f3n r\u00e1pida y sencilla gracias a su exclusivo dise\u00f1o de doble puerta. El cuerpo de acero inoxidable duradero y de alta calidad est\u00e1 disponible en una variedad de tama\u00f1os con clasificaci\u00f3n de peso individual, lo que crea una manera perfecta de sostener, asegurar y conectar todo, desde llaves hasta botellas de agua y equipos.<\/p>\n","protected":false},"excerpt":{"rendered":"<ul>\n<li>Construcci\u00f3n de acero inoxidable de alta calidad.<\/li>\n<li>Disponible en 5 tama\u00f1os \/ 2 acabados<\/li>\n<li>Cierre seguro de puerta con alambre de acero inoxidable<\/li>\n<li>Tama\u00f1o #1\n<ul>\n<li>Dimensiones: 0,6&#8243; x 1,6&#8243; x 0,2&#8243; | 16 mm x 40 mm x 6 mm<\/li>\n<li>Clasificaci\u00f3n de peso: 5 libras.<\/li>\n<\/ul>\n<\/li>\n<li>Tama\u00f1o #4\n<ul>\n<li>Dimensiones: 1,6&#8243; x 3,5&#8243; x 0,4&#8243; | 40 mm x 90 mm x 11 mm<\/li>\n<li>Clasificaci\u00f3n de peso: 75 libras.<\/li>\n<\/ul>\n<\/li>\n<li>Tama\u00f1o #5\n<ul>\n<li>Dimensiones: 1,9&#8243; x 4,4&#8243; x 0,5&#8243; | 50 mm x 112 mm x 13 mm<\/li>\n<li>Clasificaci\u00f3n de peso: 100 libras.<\/li>\n<\/ul>\n<\/li>\n<\/ul>\n<div id=\"simple-translate\" class=\"simple-translate-system-theme\">\n<div>\n<div class=\"simple-translate-button isShow\" style=\"background-image: url('chrome-extension:\/\/cllnohpbfenopiakdcjmjcbaeapmkcdl\/icons\/512.png'); height: 22px; width: 22px; top: 182px; left: 231px;\"><\/div>\n<div class=\"simple-translate-panel \" style=\"width: 300px; height: 200px; top: 0px; left: 0px; font-size: 13px;\">\n<div class=\"simple-translate-result-wrapper\" style=\"overflow: hidden;\">\n<div class=\"simple-translate-move\" draggable=\"true\"><\/div>\n<div class=\"simple-translate-result-contents\">\n<p class=\"simple-translate-candidate\" dir=\"auto\">\n<\/div>\n<\/div>\n<\/div>\n<\/div>\n<\/div>\n","protected":false},"featured_media":15954,"template":"","meta":[],"product_cat":[140,135,94],"product_tag":[],"class_list":{"0":"post-12548","1":"product","2":"type-product","3":"status-publish","4":"has-post-thumbnail","6":"product_brand-nite-ize","7":"product_cat-carabiners","8":"product_cat-hiking","9":"product_cat-productos","11":"first","12":"instock","13":"shipping-taxable","14":"purchasable","15":"product-type-variable","16":"has-default-attributes"},"_links":{"self":[{"href":"https:\/\/theoutdoorshubgt.com\/shop\/index.php\/wp-json\/wp\/v2\/product\/12548","targetHints":{"allow":["GET"]}}],"collection":[{"href":"https:\/\/theoutdoorshubgt.com\/shop\/index.php\/wp-json\/wp\/v2\/product"}],"about":[{"href":"https:\/\/theoutdoorshubgt.com\/shop\/index.php\/wp-json\/wp\/v2\/types\/product"}],"wp:featuredmedia":[{"embeddable":true,"href":"https:\/\/theoutdoorshubgt.com\/shop\/index.php\/wp-json\/wp\/v2\/media\/15954"}],"wp:attachment":[{"href":"https:\/\/theoutdoorshubgt.com\/shop\/index.php\/wp-json\/wp\/v2\/media?parent=12548"}],"wp:term":[{"taxonomy":"product_cat","embeddable":true,"href":"https:\/\/theoutdoorshubgt.com\/shop\/index.php\/wp-json\/wp\/v2\/product_cat?post=12548"},{"taxonomy":"product_tag","embeddable":true,"href":"https:\/\/theoutdoorshubgt.com\/shop\/index.php\/wp-json\/wp\/v2\/product_tag?post=12548"}],"curies":[{"name":"wp","href":"https:\/\/api.w.org\/{rel}","templated":true}]}}