{"id":12579,"date":"2024-10-14T20:43:23","date_gmt":"2024-10-15T02:43:23","guid":{"rendered":"https:\/\/theoutdoorshubgt.com\/shop\/index.php\/product\/nite-ize-wraptor-rotating-smartphone-bar-mount\/"},"modified":"2026-03-05T11:16:49","modified_gmt":"2026-03-05T17:16:49","slug":"nite-ize-wraptor-rotating-smartphone-bar-mount","status":"publish","type":"product","link":"https:\/\/theoutdoorshubgt.com\/shop\/index.php\/product\/nite-ize-wraptor-rotating-smartphone-bar-mount\/","title":{"rendered":"NITE IZE WRAPTOR ROTATING SMARTPHONE BAR MOUNT"},"content":{"rendered":"<p>Wraptor ofrece visibilidad de la pantalla de borde a borde mientras sujeta los tel\u00e9fonos de forma segura, incluso en terrenos accidentados. Dise\u00f1ada para conectarse y desconectarse r\u00e1pidamente de la barra, la base gira f\u00e1cilmente entre los modos horizontal y vertical para una m\u00e1xima capacidad de ajuste de visualizaci\u00f3n.<\/p>\n","protected":false},"excerpt":{"rendered":"<ul>\n<li>Permite el montaje tanto en manillares como en potencias para verlo f\u00e1cilmente en vertical u horizontal.<\/li>\n<li>Arn\u00e9s duradero para smartphone que se adapta incluso a los tel\u00e9fonos m\u00e1s grandes, con o sin funda<\/li>\n<li>El dise\u00f1o \u00fanico permite una rotaci\u00f3n r\u00e1pida y sencilla del tel\u00e9fono de 360\u00b0<\/li>\n<li>La correa de montaje universal es compatible con la mayor\u00eda de los manillares, manijas de cochecitos, carritos de supermercado y m\u00e1s.<\/li>\n<li>Mantiene el tel\u00e9fono en su lugar de forma segura, dentro y fuera de la carretera.<\/li>\n<li>La correa de montaje sin herramientas es f\u00e1cil de colocar, se mantiene segura y permite una extracci\u00f3n r\u00e1pida por motivos de seguridad.<\/li>\n<\/ul>\n","protected":false},"featured_media":16056,"template":"","meta":[],"product_cat":[94],"product_tag":[],"class_list":{"0":"post-12579","1":"product","2":"type-product","3":"status-publish","4":"has-post-thumbnail","6":"product_brand-nite-ize","7":"product_cat-productos","9":"first","10":"instock","11":"shipping-taxable","12":"purchasable","13":"product-type-simple"},"_links":{"self":[{"href":"https:\/\/theoutdoorshubgt.com\/shop\/index.php\/wp-json\/wp\/v2\/product\/12579","targetHints":{"allow":["GET"]}}],"collection":[{"href":"https:\/\/theoutdoorshubgt.com\/shop\/index.php\/wp-json\/wp\/v2\/product"}],"about":[{"href":"https:\/\/theoutdoorshubgt.com\/shop\/index.php\/wp-json\/wp\/v2\/types\/product"}],"wp:featuredmedia":[{"embeddable":true,"href":"https:\/\/theoutdoorshubgt.com\/shop\/index.php\/wp-json\/wp\/v2\/media\/16056"}],"wp:attachment":[{"href":"https:\/\/theoutdoorshubgt.com\/shop\/index.php\/wp-json\/wp\/v2\/media?parent=12579"}],"wp:term":[{"taxonomy":"product_cat","embeddable":true,"href":"https:\/\/theoutdoorshubgt.com\/shop\/index.php\/wp-json\/wp\/v2\/product_cat?post=12579"},{"taxonomy":"product_tag","embeddable":true,"href":"https:\/\/theoutdoorshubgt.com\/shop\/index.php\/wp-json\/wp\/v2\/product_tag?post=12579"}],"curies":[{"name":"wp","href":"https:\/\/api.w.org\/{rel}","templated":true}]}}