{"id":12694,"date":"2024-10-14T22:25:24","date_gmt":"2024-10-15T04:25:24","guid":{"rendered":"https:\/\/theoutdoorshubgt.com\/shop\/index.php\/product\/sa-infant-frosty-stripe-beanie-sms-0-12-mos-canary\/"},"modified":"2025-02-11T12:32:54","modified_gmt":"2025-02-11T18:32:54","slug":"sa-infant-frosty-stripe-beanie-sms-0-12-mos-canary","status":"publish","type":"product","link":"https:\/\/theoutdoorshubgt.com\/shop\/index.php\/product\/sa-infant-frosty-stripe-beanie-sms-0-12-mos-canary\/","title":{"rendered":"SUNDAY AFTERNOONS INFANT FROSTY STRIPE BEANIE SMS 0-12 MOS CANARY"},"content":{"rendered":"<p>Cuando decimos que hacemos sombreros para toda la familia, \u00a1lo decimos en serio! El gorro Infant Frosty Stripe est\u00e1 hecho de acr\u00edlico ultrasuave y luce y se siente tejido a mano. Una corona ajustada y una banda acanalada brindan un ajuste c\u00f3modo. Con clasificaci\u00f3n UPF 50+ para protecci\u00f3n solar, este gorro mantendr\u00e1 abrigados a los m\u00e1s peque\u00f1os dondequiera que los lleven sus aventuras familiares.<\/p>\n","protected":false},"excerpt":{"rendered":"<ul>\n<li>Tejido acr\u00edlico ultrasuave.<\/li>\n<li>Corona ajustada con banda acanalada.<\/li>\n<li>Aspecto y tacto tejidos a mano.<\/li>\n<li>Motivo de rayas<\/li>\n<li>Clasificaci\u00f3n solar UPF 50+<\/li>\n<li>Peso: 1,2 oz\/34g<\/li>\n<li>100% acr\u00edlico<\/li>\n<li>triturable<\/li>\n<li>Lavar a mano con agua fr\u00eda, no usar lej\u00eda, no secar en secadora, secar en plano, no planchar.<\/li>\n<\/ul>\n","protected":false},"featured_media":16362,"template":"","meta":[],"product_cat":[115,94,114],"product_tag":[],"class_list":{"0":"post-12694","1":"product","2":"type-product","3":"status-publish","4":"has-post-thumbnail","6":"product_brand-sunday-afternoons","7":"product_cat-beanies","8":"product_cat-productos","9":"product_cat-sombreros-y-gorras","11":"first","12":"outofstock","13":"shipping-taxable","14":"purchasable","15":"product-type-simple"},"_links":{"self":[{"href":"https:\/\/theoutdoorshubgt.com\/shop\/index.php\/wp-json\/wp\/v2\/product\/12694","targetHints":{"allow":["GET"]}}],"collection":[{"href":"https:\/\/theoutdoorshubgt.com\/shop\/index.php\/wp-json\/wp\/v2\/product"}],"about":[{"href":"https:\/\/theoutdoorshubgt.com\/shop\/index.php\/wp-json\/wp\/v2\/types\/product"}],"wp:featuredmedia":[{"embeddable":true,"href":"https:\/\/theoutdoorshubgt.com\/shop\/index.php\/wp-json\/wp\/v2\/media\/16362"}],"wp:attachment":[{"href":"https:\/\/theoutdoorshubgt.com\/shop\/index.php\/wp-json\/wp\/v2\/media?parent=12694"}],"wp:term":[{"taxonomy":"product_cat","embeddable":true,"href":"https:\/\/theoutdoorshubgt.com\/shop\/index.php\/wp-json\/wp\/v2\/product_cat?post=12694"},{"taxonomy":"product_tag","embeddable":true,"href":"https:\/\/theoutdoorshubgt.com\/shop\/index.php\/wp-json\/wp\/v2\/product_tag?post=12694"}],"curies":[{"name":"wp","href":"https:\/\/api.w.org\/{rel}","templated":true}]}}