{"id":12722,"date":"2024-10-14T22:25:40","date_gmt":"2024-10-15T04:25:40","guid":{"rendered":"https:\/\/theoutdoorshubgt.com\/shop\/?post_type=product&#038;p=12722"},"modified":"2026-03-05T10:35:34","modified_gmt":"2026-03-05T16:35:34","slug":"sa-coronado-hat-cream-medium","status":"publish","type":"product","link":"https:\/\/theoutdoorshubgt.com\/shop\/index.php\/product\/sa-coronado-hat-cream-medium\/","title":{"rendered":"SUNDAY AFTERNOONS CORONADO HAT CREAM MEDIUM"},"content":{"rendered":"<p>\u00bfSombrero de playa o sombrero de fieltro? \u00a1Ahora no tienes que elegir! El Coronado es un sombrero de ala flexible que te sigue a donde quiera que vayas. La mezcla de telas brinda comodidad en climas c\u00e1lidos y es f\u00e1cil de empacar. La banda decorativa de polipiel te viste para ir a los partidos o a un brunch tard\u00edo.<\/p>\n","protected":false},"excerpt":{"rendered":"<ul>\n<li>Clasificaci\u00f3n UPF 50+<\/li>\n<li>Ala flexible de 3&#8243;<\/li>\n<li>Cord\u00f3n de tama\u00f1o interior para un ajuste personalizado.<\/li>\n<li>Banda interior que absorbe el sudor.<\/li>\n<li>Diadema de polipiel con hebilla<\/li>\n<li>Tejido de papel\/poli\u00e9ster transpirable*<\/li>\n<li>Paquetes para viajar<\/li>\n<li>Dise\u00f1ado en EE.UU.\/Importado<\/li>\n<li>*Evite condiciones de lluvia\/h\u00fameda<\/li>\n<li>Peso: 5,2 onzas\/147,4 gramos<\/li>\n<li>56% Poli\u00e9ster, 44% Papel<\/li>\n<li>Empacar con cuidado<\/li>\n<li>No lavar, usar lej\u00eda, planchar ni limpiar en seco. Evite las condiciones h\u00famedas. Secar al aire libre si est\u00e1 mojado.<\/li>\n<\/ul>\n","protected":false},"featured_media":16318,"template":"","meta":[],"product_cat":[94,117,114],"product_tag":[],"class_list":{"0":"post-12722","1":"product","2":"type-product","3":"status-publish","4":"has-post-thumbnail","6":"product_brand-sunday-afternoons","7":"product_cat-productos","8":"product_cat-sombreros","9":"product_cat-sombreros-y-gorras","11":"first","12":"outofstock","13":"shipping-taxable","14":"product-type-simple"},"_links":{"self":[{"href":"https:\/\/theoutdoorshubgt.com\/shop\/index.php\/wp-json\/wp\/v2\/product\/12722","targetHints":{"allow":["GET"]}}],"collection":[{"href":"https:\/\/theoutdoorshubgt.com\/shop\/index.php\/wp-json\/wp\/v2\/product"}],"about":[{"href":"https:\/\/theoutdoorshubgt.com\/shop\/index.php\/wp-json\/wp\/v2\/types\/product"}],"wp:featuredmedia":[{"embeddable":true,"href":"https:\/\/theoutdoorshubgt.com\/shop\/index.php\/wp-json\/wp\/v2\/media\/16318"}],"wp:attachment":[{"href":"https:\/\/theoutdoorshubgt.com\/shop\/index.php\/wp-json\/wp\/v2\/media?parent=12722"}],"wp:term":[{"taxonomy":"product_cat","embeddable":true,"href":"https:\/\/theoutdoorshubgt.com\/shop\/index.php\/wp-json\/wp\/v2\/product_cat?post=12722"},{"taxonomy":"product_tag","embeddable":true,"href":"https:\/\/theoutdoorshubgt.com\/shop\/index.php\/wp-json\/wp\/v2\/product_tag?post=12722"}],"curies":[{"name":"wp","href":"https:\/\/api.w.org\/{rel}","templated":true}]}}