{"id":12723,"date":"2024-10-14T22:25:40","date_gmt":"2024-10-15T04:25:40","guid":{"rendered":"https:\/\/theoutdoorshubgt.com\/shop\/?post_type=product&#038;p=12723"},"modified":"2026-05-02T17:40:30","modified_gmt":"2026-05-02T23:40:30","slug":"sa-cruiser-hat-cream-sand-l","status":"publish","type":"product","link":"https:\/\/theoutdoorshubgt.com\/shop\/index.php\/product\/sa-cruiser-hat-cream-sand-l\/","title":{"rendered":"SUNDAY AFTERNOONS CRUISER HAT"},"content":{"rendered":"<p>La sencillez definida para todas tus exploraciones en climas c\u00e1lidos. Esta maravilla liviana es un maestro en el manejo de la humedad con ventilaci\u00f3n estrat\u00e9gica y una banda absorbente de sudor. Cuando busques alivio cerca del agua, puedes relajarte sabiendo que tu Cruiser flotar\u00e1 si se te escapa. Este es un sombrero que no olvidar\u00e1s una y otra vez.<\/p>\n","protected":false},"excerpt":{"rendered":"<ul>\n<li>Ala frontal y lateral de 2\u00be&#8221;, ala trasera de 3\u00bd&#8221;\/n\u00facleo de espuma flotante con alambre de poli\u00e9ster<\/li>\n<li>Clasificaci\u00f3n solar certificada UPF 50+ (ventilaciones de malla no clasificadas)<\/li>\n<li>Ventilaci\u00f3n de malla estrat\u00e9gica<\/li>\n<li>Repelente al agua\/resistente a las manchas<\/li>\n<li>Banda de sudor de malla absorbente integrada<\/li>\n<li>Se pliega en plano para viajar<\/li>\n<li>Correa para la barbilla con cierre de cord\u00f3n<\/li>\n<li>Tama\u00f1o de cierre de cord\u00f3n ajustable en la parte trasera<\/li>\n<li>Dise\u00f1ado en EE. UU.\/Importado<\/li>\n<li>Peso: 3,7 onzas\/104,9 gramos<\/li>\n<li>Cuerpo: 100 % nailon, ventilaci\u00f3n de malla: 100 % poli\u00e9ster<\/li>\n<li>Se pliega en plano, no dobla ni arruga la visera<\/li>\n<li>Lavar a mano con agua fr\u00eda, secar al aire. No usar blanqueador, planchar ni limpiar en seco.<\/li>\n<\/ul>\n","protected":false},"featured_media":16327,"template":"","meta":[],"product_cat":[94,117,114],"product_tag":[],"class_list":{"0":"post-12723","1":"product","2":"type-product","3":"status-publish","4":"has-post-thumbnail","6":"product_brand-sunday-afternoons","7":"product_cat-productos","8":"product_cat-sombreros","9":"product_cat-sombreros-y-gorras","11":"first","12":"instock","13":"shipping-taxable","14":"purchasable","15":"product-type-variable","16":"has-default-attributes"},"_links":{"self":[{"href":"https:\/\/theoutdoorshubgt.com\/shop\/index.php\/wp-json\/wp\/v2\/product\/12723","targetHints":{"allow":["GET"]}}],"collection":[{"href":"https:\/\/theoutdoorshubgt.com\/shop\/index.php\/wp-json\/wp\/v2\/product"}],"about":[{"href":"https:\/\/theoutdoorshubgt.com\/shop\/index.php\/wp-json\/wp\/v2\/types\/product"}],"wp:featuredmedia":[{"embeddable":true,"href":"https:\/\/theoutdoorshubgt.com\/shop\/index.php\/wp-json\/wp\/v2\/media\/16327"}],"wp:attachment":[{"href":"https:\/\/theoutdoorshubgt.com\/shop\/index.php\/wp-json\/wp\/v2\/media?parent=12723"}],"wp:term":[{"taxonomy":"product_cat","embeddable":true,"href":"https:\/\/theoutdoorshubgt.com\/shop\/index.php\/wp-json\/wp\/v2\/product_cat?post=12723"},{"taxonomy":"product_tag","embeddable":true,"href":"https:\/\/theoutdoorshubgt.com\/shop\/index.php\/wp-json\/wp\/v2\/product_tag?post=12723"}],"curies":[{"name":"wp","href":"https:\/\/api.w.org\/{rel}","templated":true}]}}