{"id":12725,"date":"2024-10-14T22:25:42","date_gmt":"2024-10-15T04:25:42","guid":{"rendered":"https:\/\/theoutdoorshubgt.com\/shop\/?post_type=product&#038;p=12725"},"modified":"2024-12-16T18:27:19","modified_gmt":"2024-12-17T00:27:19","slug":"sa-havana-hat-l-tweed","status":"publish","type":"product","link":"https:\/\/theoutdoorshubgt.com\/shop\/index.php\/product\/sa-havana-hat-l-tweed\/","title":{"rendered":"SUNDAY AFTERNOONS HAVANA HAT"},"content":{"rendered":"<p>Ya sea paseando por las estrechas calles de La Habana Vieja o por tu vecindario, este es el sombrero que te completa con estilo. La tela transpirable, la banda interior para el sudor y el ala ancha estilo sombrero de fieltro te ayudan a mantener una refinada sensaci\u00f3n de frescura. La Habana es elegante tanto aqu\u00ed como en el extranjero, vestida elegante o informal, para cualquier ocasi\u00f3n.<\/p>\n","protected":false},"excerpt":{"rendered":"<ul>\n<li>Ala estilo Fedora de 2\u00be&#8221;<\/li>\n<li>Clasificaci\u00f3n solar certificada UPF 50+<\/li>\n<li>Diadema decorativa<\/li>\n<li>Banda interna que absorbe el sudor.<\/li>\n<li>Tama\u00f1o interno ajustable.<\/li>\n<li>Paquetes para viajar<\/li>\n<li>Importado<\/li>\n<li>*Evite condiciones de lluvia\/h\u00fameda<\/li>\n<li>Peso: 4,5 onzas\/127,6 gramos<\/li>\n<li>90% Papel, 10% Poli\u00e9ster<\/li>\n<li>Empacar con cuidado<\/li>\n<li>No lavar, usar lej\u00eda, planchar ni limpiar en seco. Evite las condiciones h\u00famedas. Secar al aire libre si est\u00e1 mojado.<\/li>\n<\/ul>\n","protected":false},"featured_media":16358,"template":"","meta":[],"product_cat":[94,117,114],"product_tag":[],"class_list":{"0":"post-12725","1":"product","2":"type-product","3":"status-publish","4":"has-post-thumbnail","6":"product_brand-sunday-afternoons","7":"product_cat-productos","8":"product_cat-sombreros","9":"product_cat-sombreros-y-gorras","11":"first","12":"instock","13":"shipping-taxable","14":"purchasable","15":"product-type-variable","16":"has-default-attributes"},"_links":{"self":[{"href":"https:\/\/theoutdoorshubgt.com\/shop\/index.php\/wp-json\/wp\/v2\/product\/12725","targetHints":{"allow":["GET"]}}],"collection":[{"href":"https:\/\/theoutdoorshubgt.com\/shop\/index.php\/wp-json\/wp\/v2\/product"}],"about":[{"href":"https:\/\/theoutdoorshubgt.com\/shop\/index.php\/wp-json\/wp\/v2\/types\/product"}],"wp:featuredmedia":[{"embeddable":true,"href":"https:\/\/theoutdoorshubgt.com\/shop\/index.php\/wp-json\/wp\/v2\/media\/16358"}],"wp:attachment":[{"href":"https:\/\/theoutdoorshubgt.com\/shop\/index.php\/wp-json\/wp\/v2\/media?parent=12725"}],"wp:term":[{"taxonomy":"product_cat","embeddable":true,"href":"https:\/\/theoutdoorshubgt.com\/shop\/index.php\/wp-json\/wp\/v2\/product_cat?post=12725"},{"taxonomy":"product_tag","embeddable":true,"href":"https:\/\/theoutdoorshubgt.com\/shop\/index.php\/wp-json\/wp\/v2\/product_tag?post=12725"}],"curies":[{"name":"wp","href":"https:\/\/api.w.org\/{rel}","templated":true}]}}