{"id":12751,"date":"2024-10-14T22:25:57","date_gmt":"2024-10-15T04:25:57","guid":{"rendered":"https:\/\/theoutdoorshubgt.com\/shop\/?post_type=product&#038;p=12751"},"modified":"2025-01-05T16:44:45","modified_gmt":"2025-01-05T22:44:45","slug":"sa-kids-play-hat-beach-day-l","status":"publish","type":"product","link":"https:\/\/theoutdoorshubgt.com\/shop\/index.php\/product\/sa-kids-play-hat-beach-day-l\/","title":{"rendered":"SUNDAY AFTERNOONS KIDS PLAY HAT BEACH DAY L"},"content":{"rendered":"<p>Nuestro bestseller n\u00famero uno por una raz\u00f3n: a los ni\u00f1os les encanta jugar bajo el sol y a los padres les encanta protegerlos. La tela y el dise\u00f1o del sombrero resistentes al sol mantienen a los aventureros natos seguros y felices durante todo el d\u00eda. Los detalles a prueba de juegos, como una correa para la barbilla separable, una banda de tama\u00f1o personalizable, un ala flotante y resistencia a las manchas, garantizan que este sombrero dure los veranos venideros. El velo trasero no s\u00f3lo protege el cuello de los rayos del sol, sino que tambi\u00e9n permite que el gorro se ajuste c\u00f3modamente en el cochecito. \u00bfY? Ternura total.<\/p>\n","protected":false},"excerpt":{"rendered":"<ul>\n<li>Ala inclinada hacia abajo de 2\u00be&#8221; &#8211; 3\u00be&#8221; con n\u00facleo de espuma flotante (la longitud del ala depende del tama\u00f1o)<\/li>\n<li>Velo de cuello completo de 5\u00bd&#8221; &#8211; 6&#8243; para proteger la parte posterior del cuello (la longitud del velo depende del tama\u00f1o)<\/li>\n<li>Clasificaci\u00f3n solar certificada UPF 50+ (ventilaciones de malla no clasificadas)<\/li>\n<li>Ventilaci\u00f3n de malla estrat\u00e9gica en tallas para ni\u00f1os y j\u00f3venes<\/li>\n<li>Repelente al agua\/resistente a las manchas<\/li>\n<li>Paquetes planos para viajar<\/li>\n<li>Tecnolog\u00eda de barbijo separable Smartstrap\u00ae<\/li>\n<li>Capacidad de uso para cochecitos<\/li>\n<li>Tama\u00f1o ajustable<\/li>\n<li>Peso: 1,8 onzas\/51,0 gramos<\/li>\n<li>S\u00f3lidos: 100% Nylon \/ Estampados: 100% Poli\u00e9ster<\/li>\n<li>Se empaqueta de forma plana, no doble ni arrugue el borde.<\/li>\n<li>Lavar a mano con agua fr\u00eda, secar al aire. No usar lej\u00eda, planchar ni limpiar en seco.<\/li>\n<\/ul>\n","protected":false},"featured_media":16424,"template":"","meta":[],"product_cat":[94,117,363,114],"product_tag":[],"class_list":{"0":"post-12751","1":"product","2":"type-product","3":"status-publish","4":"has-post-thumbnail","6":"product_brand-sunday-afternoons","7":"product_cat-productos","8":"product_cat-sombreros","9":"product_cat-sombreros-para-ninos","10":"product_cat-sombreros-y-gorras","12":"first","13":"instock","14":"shipping-taxable","15":"purchasable","16":"product-type-variable","17":"has-default-attributes"},"_links":{"self":[{"href":"https:\/\/theoutdoorshubgt.com\/shop\/index.php\/wp-json\/wp\/v2\/product\/12751","targetHints":{"allow":["GET"]}}],"collection":[{"href":"https:\/\/theoutdoorshubgt.com\/shop\/index.php\/wp-json\/wp\/v2\/product"}],"about":[{"href":"https:\/\/theoutdoorshubgt.com\/shop\/index.php\/wp-json\/wp\/v2\/types\/product"}],"wp:featuredmedia":[{"embeddable":true,"href":"https:\/\/theoutdoorshubgt.com\/shop\/index.php\/wp-json\/wp\/v2\/media\/16424"}],"wp:attachment":[{"href":"https:\/\/theoutdoorshubgt.com\/shop\/index.php\/wp-json\/wp\/v2\/media?parent=12751"}],"wp:term":[{"taxonomy":"product_cat","embeddable":true,"href":"https:\/\/theoutdoorshubgt.com\/shop\/index.php\/wp-json\/wp\/v2\/product_cat?post=12751"},{"taxonomy":"product_tag","embeddable":true,"href":"https:\/\/theoutdoorshubgt.com\/shop\/index.php\/wp-json\/wp\/v2\/product_tag?post=12751"}],"curies":[{"name":"wp","href":"https:\/\/api.w.org\/{rel}","templated":true}]}}