{"id":12810,"date":"2024-10-14T22:26:18","date_gmt":"2024-10-15T04:26:18","guid":{"rendered":"https:\/\/theoutdoorshubgt.com\/shop\/?post_type=product&#038;p=12810"},"modified":"2026-03-04T18:48:02","modified_gmt":"2026-03-05T00:48:02","slug":"sa-siena-hat-captains-navy-s-m","status":"publish","type":"product","link":"https:\/\/theoutdoorshubgt.com\/shop\/index.php\/product\/sa-siena-hat-captains-navy-s-m\/","title":{"rendered":"SUNDAY AFTERNOONS SIENA HAT"},"content":{"rendered":"<p>Informal, c\u00f3modo y llamativo, el sombrero Siena est\u00e1 listo para la aventura. Con un encantador tejido de poli\u00e9ster\/papel reciclado en la parte superior y un elegante tejido de cinta debajo, el ala ancha e inclinada ofrece m\u00e1xima protecci\u00f3n solar UPF 50+ y estilo.<\/p>\n","protected":false},"excerpt":{"rendered":"<ul>\n<li>Clasificaci\u00f3n solar UPF 50+<\/li>\n<li>Ala de 4\u00be&#8221; (12 cm)<\/li>\n<li>Corona 100% poli\u00e9ster reciclado<\/li>\n<li>Banda para el sudor bluesign\u00ae 100% reciclada<\/li>\n<li>Barboquejo ajustable<\/li>\n<li>Diadema decorativa de grosgrain<\/li>\n<li>Tama\u00f1o interno ajustable<\/li>\n<li>El dise\u00f1o plegable facilita los viajes<\/li>\n<li>Patente de EE. UU. 10.932.512<\/li>\n<li>Cuerpo: 100% poli\u00e9ster, sin incluir decoraci\u00f3n<\/li>\n<li>triturable<\/li>\n<li>No lavar, usar lej\u00eda, planchar ni limpiar en seco. Evite las condiciones h\u00famedas. Secar al aire libre si est\u00e1 mojado.<\/li>\n<\/ul>\n","protected":false},"featured_media":16534,"template":"","meta":[],"product_cat":[94,117,114],"product_tag":[],"class_list":{"0":"post-12810","1":"product","2":"type-product","3":"status-publish","4":"has-post-thumbnail","6":"product_brand-sunday-afternoons","7":"product_cat-productos","8":"product_cat-sombreros","9":"product_cat-sombreros-y-gorras","11":"first","12":"outofstock","13":"shipping-taxable","14":"purchasable","15":"product-type-variable","16":"has-default-attributes"},"_links":{"self":[{"href":"https:\/\/theoutdoorshubgt.com\/shop\/index.php\/wp-json\/wp\/v2\/product\/12810","targetHints":{"allow":["GET"]}}],"collection":[{"href":"https:\/\/theoutdoorshubgt.com\/shop\/index.php\/wp-json\/wp\/v2\/product"}],"about":[{"href":"https:\/\/theoutdoorshubgt.com\/shop\/index.php\/wp-json\/wp\/v2\/types\/product"}],"wp:featuredmedia":[{"embeddable":true,"href":"https:\/\/theoutdoorshubgt.com\/shop\/index.php\/wp-json\/wp\/v2\/media\/16534"}],"wp:attachment":[{"href":"https:\/\/theoutdoorshubgt.com\/shop\/index.php\/wp-json\/wp\/v2\/media?parent=12810"}],"wp:term":[{"taxonomy":"product_cat","embeddable":true,"href":"https:\/\/theoutdoorshubgt.com\/shop\/index.php\/wp-json\/wp\/v2\/product_cat?post=12810"},{"taxonomy":"product_tag","embeddable":true,"href":"https:\/\/theoutdoorshubgt.com\/shop\/index.php\/wp-json\/wp\/v2\/product_tag?post=12810"}],"curies":[{"name":"wp","href":"https:\/\/api.w.org\/{rel}","templated":true}]}}