{"id":12837,"date":"2024-10-14T22:26:26","date_gmt":"2024-10-15T04:26:26","guid":{"rendered":"https:\/\/theoutdoorshubgt.com\/shop\/index.php\/product\/sa-toddler-artist-series-osprey-trucker-sms-s\/"},"modified":"2025-01-05T16:44:44","modified_gmt":"2025-01-05T22:44:44","slug":"sa-toddler-artist-series-osprey-trucker-sms-s","status":"publish","type":"product","link":"https:\/\/theoutdoorshubgt.com\/shop\/index.php\/product\/sa-toddler-artist-series-osprey-trucker-sms-s\/","title":{"rendered":"SUNDAY AFTERNOONS TODDLER ARTIST SERIES OSPREY TRUCKER SMS S"},"content":{"rendered":"<p>La artista Acacia Lacy presta su talento a Kids&#8217; Artist Series Trucker. El tema de las aves silvestres presenta al majestuoso \u00e1guila pescadora y las ganancias se destinar\u00e1n al Observatorio de Aves de Klamath, que trabaja para proteger las aves silvestres en el sur de Oreg\u00f3n.\u00a0Cuenta con la cl\u00e1sica ventilaci\u00f3n de malla que esperas de un camionero, junto con un ala bluesign\u00ae, una banda absorbente para el sudor y un tama\u00f1o ajustable.<\/p>\n","protected":false},"excerpt":{"rendered":"<p>La artista Acacia Lacy presta su talento a Kids&#8217; Artist Series Trucker. El tema de las aves silvestres presenta al majestuoso \u00e1guila pescadora y las ganancias se destinar\u00e1n al Observatorio de Aves de Klamath, que trabaja para proteger las aves silvestres en el sur de Oreg\u00f3n.\u00a0Cuenta con la cl\u00e1sica ventilaci\u00f3n de malla que esperas de un camionero, junto con un ala bluesign\u00ae, una banda absorbente para el sudor y un tama\u00f1o ajustable.<\/p>\n","protected":false},"featured_media":14465,"template":"","meta":[],"product_cat":[116,94,363,114],"product_tag":[],"class_list":{"0":"post-12837","1":"product","2":"type-product","3":"status-publish","4":"has-post-thumbnail","6":"product_brand-sunday-afternoons","7":"product_cat-gorras","8":"product_cat-productos","9":"product_cat-sombreros-para-ninos","10":"product_cat-sombreros-y-gorras","12":"first","13":"instock","14":"shipping-taxable","15":"purchasable","16":"product-type-simple"},"_links":{"self":[{"href":"https:\/\/theoutdoorshubgt.com\/shop\/index.php\/wp-json\/wp\/v2\/product\/12837","targetHints":{"allow":["GET"]}}],"collection":[{"href":"https:\/\/theoutdoorshubgt.com\/shop\/index.php\/wp-json\/wp\/v2\/product"}],"about":[{"href":"https:\/\/theoutdoorshubgt.com\/shop\/index.php\/wp-json\/wp\/v2\/types\/product"}],"wp:featuredmedia":[{"embeddable":true,"href":"https:\/\/theoutdoorshubgt.com\/shop\/index.php\/wp-json\/wp\/v2\/media\/14465"}],"wp:attachment":[{"href":"https:\/\/theoutdoorshubgt.com\/shop\/index.php\/wp-json\/wp\/v2\/media?parent=12837"}],"wp:term":[{"taxonomy":"product_cat","embeddable":true,"href":"https:\/\/theoutdoorshubgt.com\/shop\/index.php\/wp-json\/wp\/v2\/product_cat?post=12837"},{"taxonomy":"product_tag","embeddable":true,"href":"https:\/\/theoutdoorshubgt.com\/shop\/index.php\/wp-json\/wp\/v2\/product_tag?post=12837"}],"curies":[{"name":"wp","href":"https:\/\/api.w.org\/{rel}","templated":true}]}}