{"id":12840,"date":"2024-10-14T22:26:31","date_gmt":"2024-10-15T04:26:31","guid":{"rendered":"https:\/\/theoutdoorshubgt.com\/shop\/?post_type=product&#038;p=12840"},"modified":"2025-01-09T19:44:35","modified_gmt":"2025-01-10T01:44:35","slug":"sa-ultra-storm-boonie-mineral-l","status":"publish","type":"product","link":"https:\/\/theoutdoorshubgt.com\/shop\/index.php\/product\/sa-ultra-storm-boonie-mineral-l\/","title":{"rendered":"SA ULTRA STORM BOONIE MINERAL L"},"content":{"rendered":"<p>\u00bfPor qu\u00e9 dejar que la lluvia, el aguanieve o la nieve interfieran con tus planes? El Ultra Storm Boonie, 100% impermeable y con protecci\u00f3n solar UPF 50+, hace que sea f\u00e1cil navegar en las inclemencias del tiempo. Una silueta boonie cl\u00e1sica confeccionada con tela transpirable con costuras completamente selladas y con un forro de malla integrado y detalles reflectantes.<\/p>\n","protected":false},"excerpt":{"rendered":"<ul>\n<li>Tejido 100% impermeable, transpirable y con costuras totalmente selladas. Membrana impermeable de 10k que protege de la lluvia y la nieve.<\/li>\n<li>Repelente al agua duradero sin PFAS<\/li>\n<li>2\u00be&#8221; frontal y lateral, 3\u00bd&#8221; ala trasera (7 cm frontal y lateral, 9 cm ala trasera)<\/li>\n<li>Detalles reflectantes<\/li>\n<li>Forro de malla absorbente integrado<\/li>\n<li>Tama\u00f1o ajustable<\/li>\n<li>Clasificaci\u00f3n solar UPF 50+<\/li>\n<li>Peso: 2,87 onzas\/ 81 gramos<\/li>\n<li>Cuerpo: 88 % nailon, 12 % poli\u00e9ster, sin incluir decoraci\u00f3n<\/li>\n<li>triturable<\/li>\n<li>Lavar a mano con agua fr\u00eda, secar al aire. No usar lej\u00eda, planchar ni limpiar en seco.<\/li>\n<\/ul>\n","protected":false},"featured_media":16608,"template":"","meta":[],"product_cat":[94,117,114],"product_tag":[],"class_list":{"0":"post-12840","1":"product","2":"type-product","3":"status-publish","4":"has-post-thumbnail","6":"product_brand-sunday-afternoons","7":"product_cat-productos","8":"product_cat-sombreros","9":"product_cat-sombreros-y-gorras","11":"first","12":"instock","13":"shipping-taxable","14":"purchasable","15":"product-type-simple"},"_links":{"self":[{"href":"https:\/\/theoutdoorshubgt.com\/shop\/index.php\/wp-json\/wp\/v2\/product\/12840","targetHints":{"allow":["GET"]}}],"collection":[{"href":"https:\/\/theoutdoorshubgt.com\/shop\/index.php\/wp-json\/wp\/v2\/product"}],"about":[{"href":"https:\/\/theoutdoorshubgt.com\/shop\/index.php\/wp-json\/wp\/v2\/types\/product"}],"wp:featuredmedia":[{"embeddable":true,"href":"https:\/\/theoutdoorshubgt.com\/shop\/index.php\/wp-json\/wp\/v2\/media\/16608"}],"wp:attachment":[{"href":"https:\/\/theoutdoorshubgt.com\/shop\/index.php\/wp-json\/wp\/v2\/media?parent=12840"}],"wp:term":[{"taxonomy":"product_cat","embeddable":true,"href":"https:\/\/theoutdoorshubgt.com\/shop\/index.php\/wp-json\/wp\/v2\/product_cat?post=12840"},{"taxonomy":"product_tag","embeddable":true,"href":"https:\/\/theoutdoorshubgt.com\/shop\/index.php\/wp-json\/wp\/v2\/product_tag?post=12840"}],"curies":[{"name":"wp","href":"https:\/\/api.w.org\/{rel}","templated":true}]}}