{"id":12870,"date":"2024-10-15T10:20:39","date_gmt":"2024-10-15T16:20:39","guid":{"rendered":"https:\/\/theoutdoorshubgt.com\/shop\/index.php\/product\/geckobrands-30l-tarpaulin-dry-bag-cooler-green\/"},"modified":"2025-07-21T00:04:07","modified_gmt":"2025-07-21T06:04:07","slug":"geckobrands-30l-tarpaulin-dry-bag-cooler-green","status":"publish","type":"product","link":"https:\/\/theoutdoorshubgt.com\/shop\/index.php\/product\/geckobrands-30l-tarpaulin-dry-bag-cooler-green\/","title":{"rendered":"GECKOBRANDS 30L TARPAULIN DRY BAG COOLER &#8211; GREEN"},"content":{"rendered":"<p>Hecho de material de lona de PVC impermeable, esta bolsa duradera est\u00e1 dise\u00f1ada para soportar las condiciones m\u00e1s h\u00famedas. Use el Carbineer incluido para adjuntarlo a su bicicleta, bote y m\u00e1s para la soluci\u00f3n de bolsa definitiva en sus aventuras.<\/p>\n","protected":false},"excerpt":{"rendered":"<ul>\n<li>Impermeable, protege contra; lluvia, arena y nieve<\/li>\n<li>Soporta sumersiones r\u00e1pidas<\/li>\n<li>Se incluye una correa de transporte ajustable para el uso del hombro (2 correas incluidas con un tama\u00f1o de 60 litros)<\/li>\n<li>Incluye un camionero gratis para asegurar la bolsa en su bote, bicicleta u otro equipo<\/li>\n<li>Clasificaci\u00f3n de resistencia al agua IPX6<\/li>\n<li>Material (s): lona de PVC 250D<\/li>\n<\/ul>\n","protected":false},"featured_media":17139,"template":"","meta":[],"product_cat":[149,94,148],"product_tag":[],"class_list":{"0":"post-12870","1":"product","2":"type-product","3":"status-publish","4":"has-post-thumbnail","6":"product_brand-geckobrands","7":"product_cat-dry-bags","8":"product_cat-productos","9":"product_cat-waterproof","11":"first","12":"instock","13":"shipping-taxable","14":"purchasable","15":"product-type-simple"},"_links":{"self":[{"href":"https:\/\/theoutdoorshubgt.com\/shop\/index.php\/wp-json\/wp\/v2\/product\/12870","targetHints":{"allow":["GET"]}}],"collection":[{"href":"https:\/\/theoutdoorshubgt.com\/shop\/index.php\/wp-json\/wp\/v2\/product"}],"about":[{"href":"https:\/\/theoutdoorshubgt.com\/shop\/index.php\/wp-json\/wp\/v2\/types\/product"}],"wp:featuredmedia":[{"embeddable":true,"href":"https:\/\/theoutdoorshubgt.com\/shop\/index.php\/wp-json\/wp\/v2\/media\/17139"}],"wp:attachment":[{"href":"https:\/\/theoutdoorshubgt.com\/shop\/index.php\/wp-json\/wp\/v2\/media?parent=12870"}],"wp:term":[{"taxonomy":"product_cat","embeddable":true,"href":"https:\/\/theoutdoorshubgt.com\/shop\/index.php\/wp-json\/wp\/v2\/product_cat?post=12870"},{"taxonomy":"product_tag","embeddable":true,"href":"https:\/\/theoutdoorshubgt.com\/shop\/index.php\/wp-json\/wp\/v2\/product_tag?post=12870"}],"curies":[{"name":"wp","href":"https:\/\/api.w.org\/{rel}","templated":true}]}}