{"id":12883,"date":"2024-10-15T10:20:44","date_gmt":"2024-10-15T16:20:44","guid":{"rendered":"https:\/\/theoutdoorshubgt.com\/shop\/index.php\/product\/geckobrands-waterproof-belt-bag-black\/"},"modified":"2026-04-26T15:30:04","modified_gmt":"2026-04-26T21:30:04","slug":"geckobrands-waterproof-belt-bag-black","status":"publish","type":"product","link":"https:\/\/theoutdoorshubgt.com\/shop\/index.php\/product\/geckobrands-waterproof-belt-bag-black\/","title":{"rendered":"GECKOBRANDS WATERPROOF BELT BAG BLACK"},"content":{"rendered":"<p>\u00a1La bolsa de cintur\u00f3n impermeable es un compa\u00f1ero imprescindible para cualquier aventura y perfecto para salidas sobre la lluvia, y alrededor del agua!<\/p>\n","protected":false},"excerpt":{"rendered":"<ul>\n<li>Dise\u00f1ado para una f\u00e1cil organizaci\u00f3n de su equipo<\/li>\n<li>Exterior impermeable para mantener los valores seguros<\/li>\n<li>Hidden Back Zippersed Pocket con ventana del tel\u00e9fono para hablar, enviar mensajes de texto y m\u00e1s<\/li>\n<li>Incluye un bolsillo de malla grande, dos bolsillos de malla peque\u00f1as y un espacioso compartimento principal con un llavero desmontable<\/li>\n<li>Correa ajustable para opciones de m\u00faltiples dimensiones y estilo<\/li>\n<li>Se adapta a la mayor\u00eda de los dispositivos hasta 7.5 &#8220;H x 4&#8221; W x .5 &#8220;D<\/li>\n<li>No te sientas en el agua<\/li>\n<li>No pongas bolsas en aguaADVERTENCIA<br \/>\nEsta bolsa seca est\u00e1 dise\u00f1ada para actividades de agua ligera y no est\u00e1 destinada a sumersi\u00f3n, inmersi\u00f3n o para ser utilizada como dispositivo de flotaci\u00f3n. Inspeccione la bolsa antes de cada uso buscando pinchazos, l\u00e1grimas y agujeros. Se recomiendan las pruebas antes de su uso llen\u00e1ndose con aire, cerr\u00e1ndose correctamente y comprimiendo para garantizar que el aire no se libere. El \u00e9xito de esta bolsa seca depende del cierre adecuado y la protecci\u00f3n de los objetos afilados. Geckobrands ofrece una garant\u00eda de por vida en la bolsa seca, sin embargo, Geckobrands no es responsable de la reparaci\u00f3n o reemplazo de cualquier contenido colocado dentro de la bolsa seca.<\/li>\n<\/ul>\n","protected":false},"featured_media":17258,"template":"","meta":[],"product_cat":[152,94,148],"product_tag":[],"class_list":{"0":"post-12883","1":"product","2":"type-product","3":"status-publish","4":"has-post-thumbnail","6":"product_brand-geckobrands","7":"product_cat-estuches-impermeables","8":"product_cat-productos","9":"product_cat-waterproof","11":"first","12":"instock","13":"shipping-taxable","14":"purchasable","15":"product-type-simple"},"_links":{"self":[{"href":"https:\/\/theoutdoorshubgt.com\/shop\/index.php\/wp-json\/wp\/v2\/product\/12883","targetHints":{"allow":["GET"]}}],"collection":[{"href":"https:\/\/theoutdoorshubgt.com\/shop\/index.php\/wp-json\/wp\/v2\/product"}],"about":[{"href":"https:\/\/theoutdoorshubgt.com\/shop\/index.php\/wp-json\/wp\/v2\/types\/product"}],"wp:featuredmedia":[{"embeddable":true,"href":"https:\/\/theoutdoorshubgt.com\/shop\/index.php\/wp-json\/wp\/v2\/media\/17258"}],"wp:attachment":[{"href":"https:\/\/theoutdoorshubgt.com\/shop\/index.php\/wp-json\/wp\/v2\/media?parent=12883"}],"wp:term":[{"taxonomy":"product_cat","embeddable":true,"href":"https:\/\/theoutdoorshubgt.com\/shop\/index.php\/wp-json\/wp\/v2\/product_cat?post=12883"},{"taxonomy":"product_tag","embeddable":true,"href":"https:\/\/theoutdoorshubgt.com\/shop\/index.php\/wp-json\/wp\/v2\/product_tag?post=12883"}],"curies":[{"name":"wp","href":"https:\/\/api.w.org\/{rel}","templated":true}]}}