{"id":13058,"date":"2024-10-15T13:00:48","date_gmt":"2024-10-15T19:00:48","guid":{"rendered":"https:\/\/theoutdoorshubgt.com\/shop\/index.php\/product\/geckobrands-quick-dry-high-absorbant-2x4-terry\/"},"modified":"2026-04-02T14:13:09","modified_gmt":"2026-04-02T20:13:09","slug":"geckobrands-quick-dry-high-absorbant-2x4-terry","status":"publish","type":"product","link":"https:\/\/theoutdoorshubgt.com\/shop\/index.php\/product\/geckobrands-quick-dry-high-absorbant-2x4-terry\/","title":{"rendered":"GECKOBRANDS QUICK DRY \/ HIGH ABSORBANT 2&#8217;X4&#8242; TERRY TOWEL"},"content":{"rendered":"<p>Hecho de tela suave y sint\u00e9tica, es altamente absorbente para un secado m\u00e1s r\u00e1pido, ya sea que est\u00e9 atrapando las olas o atrapado en la lluvia. Adem\u00e1s, es liviano, nunca ocupa demasiado espacio en su bolso o autom\u00f3vil.<\/p>\n","protected":false},"excerpt":{"rendered":"<ul>\n<li>Alto absorbente y secado r\u00e1pido<\/li>\n<li>Ligero y compacto<\/li>\n<\/ul>\n","protected":false},"featured_media":17208,"template":"","meta":[],"product_cat":[156,94,160],"product_tag":[],"class_list":{"0":"post-13058","1":"product","2":"type-product","3":"status-publish","4":"has-post-thumbnail","6":"product_brand-geckobrands","7":"product_cat-lifestyle","8":"product_cat-productos","9":"product_cat-toallas-de-secado-rapido","11":"first","12":"instock","13":"shipping-taxable","14":"purchasable","15":"product-type-simple"},"_links":{"self":[{"href":"https:\/\/theoutdoorshubgt.com\/shop\/index.php\/wp-json\/wp\/v2\/product\/13058","targetHints":{"allow":["GET"]}}],"collection":[{"href":"https:\/\/theoutdoorshubgt.com\/shop\/index.php\/wp-json\/wp\/v2\/product"}],"about":[{"href":"https:\/\/theoutdoorshubgt.com\/shop\/index.php\/wp-json\/wp\/v2\/types\/product"}],"wp:featuredmedia":[{"embeddable":true,"href":"https:\/\/theoutdoorshubgt.com\/shop\/index.php\/wp-json\/wp\/v2\/media\/17208"}],"wp:attachment":[{"href":"https:\/\/theoutdoorshubgt.com\/shop\/index.php\/wp-json\/wp\/v2\/media?parent=13058"}],"wp:term":[{"taxonomy":"product_cat","embeddable":true,"href":"https:\/\/theoutdoorshubgt.com\/shop\/index.php\/wp-json\/wp\/v2\/product_cat?post=13058"},{"taxonomy":"product_tag","embeddable":true,"href":"https:\/\/theoutdoorshubgt.com\/shop\/index.php\/wp-json\/wp\/v2\/product_tag?post=13058"}],"curies":[{"name":"wp","href":"https:\/\/api.w.org\/{rel}","templated":true}]}}