{"id":13178,"date":"2024-10-15T14:16:46","date_gmt":"2024-10-15T20:16:46","guid":{"rendered":"https:\/\/theoutdoorshubgt.com\/shop\/?post_type=product&#038;p=13178"},"modified":"2026-04-14T09:35:33","modified_gmt":"2026-04-14T15:35:33","slug":"osprey-ultralight-packing-cube-set-black","status":"publish","type":"product","link":"https:\/\/theoutdoorshubgt.com\/shop\/index.php\/product\/osprey-ultralight-packing-cube-set-black\/","title":{"rendered":"OSPREY ULTRALIGHT PACKING CUBE SET"},"content":{"rendered":"<p>Este set viene con un bolso ultraliviano peque\u00f1o, otro mediano y otro grande, una combinaci\u00f3n ideal para que organices y separes toda tu ropa y tu equipo. Facilita la organizaci\u00f3n y el empaque de tus art\u00edculos, y disp\u00f3n de m\u00e1s tiempo para disfrutar tu experiencia.<\/p>\n","protected":false},"excerpt":{"rendered":"<h5 class=\"text-lg md:text-xl font-bold mb-2.5\">Caracter\u00edsticas<\/h5>\n<div class=\"product-tab-features text-base\">\n<ul>\n<li>Abertura con cremallera en forma de J<\/li>\n<li>Dos tiradores para mayor practicidad<\/li>\n<li>Asa de cincha<\/li>\n<\/ul>\n<\/div>\n","protected":false},"featured_media":14259,"template":"","meta":[],"product_cat":[150,94,148],"product_tag":[],"class_list":{"0":"post-13178","1":"product","2":"type-product","3":"status-publish","4":"has-post-thumbnail","6":"product_brand-osprey","7":"product_cat-dry-sacks","8":"product_cat-productos","9":"product_cat-waterproof","11":"first","12":"outofstock","13":"shipping-taxable","14":"purchasable","15":"product-type-variable"},"_links":{"self":[{"href":"https:\/\/theoutdoorshubgt.com\/shop\/index.php\/wp-json\/wp\/v2\/product\/13178","targetHints":{"allow":["GET"]}}],"collection":[{"href":"https:\/\/theoutdoorshubgt.com\/shop\/index.php\/wp-json\/wp\/v2\/product"}],"about":[{"href":"https:\/\/theoutdoorshubgt.com\/shop\/index.php\/wp-json\/wp\/v2\/types\/product"}],"wp:featuredmedia":[{"embeddable":true,"href":"https:\/\/theoutdoorshubgt.com\/shop\/index.php\/wp-json\/wp\/v2\/media\/14259"}],"wp:attachment":[{"href":"https:\/\/theoutdoorshubgt.com\/shop\/index.php\/wp-json\/wp\/v2\/media?parent=13178"}],"wp:term":[{"taxonomy":"product_cat","embeddable":true,"href":"https:\/\/theoutdoorshubgt.com\/shop\/index.php\/wp-json\/wp\/v2\/product_cat?post=13178"},{"taxonomy":"product_tag","embeddable":true,"href":"https:\/\/theoutdoorshubgt.com\/shop\/index.php\/wp-json\/wp\/v2\/product_tag?post=13178"}],"curies":[{"name":"wp","href":"https:\/\/api.w.org\/{rel}","templated":true}]}}