{"id":13180,"date":"2024-10-15T14:16:48","date_gmt":"2024-10-15T20:16:48","guid":{"rendered":"https:\/\/theoutdoorshubgt.com\/shop\/index.php\/product\/geckobrands-lightweight-waterproof-blanket-84x84\/"},"modified":"2025-07-10T18:04:37","modified_gmt":"2025-07-11T00:04:37","slug":"geckobrands-lightweight-waterproof-blanket-84x84","status":"publish","type":"product","link":"https:\/\/theoutdoorshubgt.com\/shop\/index.php\/product\/geckobrands-lightweight-waterproof-blanket-84x84\/","title":{"rendered":"GECKOBRANDS LIGHTWEIGHT WATERPROOF BLANKET 84X84&#8243;"},"content":{"rendered":"<p>Hecho de material impermeable y a prueba de arena, esta manta de playa lo mantiene seco a usted y su equipo, pase lo que pase. Llene los bolsillos laterales con arena para asegurarla en su lugar en los d\u00edas ventosos. Su gran tama\u00f1o se adapta f\u00e1cilmente a hasta 4 personas, lo que permite a su familia y amigos disfrutar de una comodidad interminable junto al mar.<\/p>\n","protected":false},"excerpt":{"rendered":"<ul>\n<li>Mantiene su equipo seco y libre de arena<\/li>\n<li>6 bolsillos de arena rellenos<\/li>\n<li>Bucles de esquina para asegurar<\/li>\n<li>Bucle colgante<\/li>\n<li>Compacto y port\u00e1til<\/li>\n<li>Calificaci\u00f3n de resistencia al agua IPX4<\/li>\n<li>Material (es): poliester<\/li>\n<\/ul>\n","protected":false},"featured_media":17190,"template":"","meta":[],"product_cat":[94,148],"product_tag":[],"class_list":{"0":"post-13180","1":"product","2":"type-product","3":"status-publish","4":"has-post-thumbnail","6":"product_brand-geckobrands","7":"product_cat-productos","8":"product_cat-waterproof","10":"first","11":"outofstock","12":"shipping-taxable","13":"purchasable","14":"product-type-simple"},"_links":{"self":[{"href":"https:\/\/theoutdoorshubgt.com\/shop\/index.php\/wp-json\/wp\/v2\/product\/13180","targetHints":{"allow":["GET"]}}],"collection":[{"href":"https:\/\/theoutdoorshubgt.com\/shop\/index.php\/wp-json\/wp\/v2\/product"}],"about":[{"href":"https:\/\/theoutdoorshubgt.com\/shop\/index.php\/wp-json\/wp\/v2\/types\/product"}],"wp:featuredmedia":[{"embeddable":true,"href":"https:\/\/theoutdoorshubgt.com\/shop\/index.php\/wp-json\/wp\/v2\/media\/17190"}],"wp:attachment":[{"href":"https:\/\/theoutdoorshubgt.com\/shop\/index.php\/wp-json\/wp\/v2\/media?parent=13180"}],"wp:term":[{"taxonomy":"product_cat","embeddable":true,"href":"https:\/\/theoutdoorshubgt.com\/shop\/index.php\/wp-json\/wp\/v2\/product_cat?post=13180"},{"taxonomy":"product_tag","embeddable":true,"href":"https:\/\/theoutdoorshubgt.com\/shop\/index.php\/wp-json\/wp\/v2\/product_tag?post=13180"}],"curies":[{"name":"wp","href":"https:\/\/api.w.org\/{rel}","templated":true}]}}