{"id":18083,"date":"2025-04-09T17:35:05","date_gmt":"2025-04-09T23:35:05","guid":{"rendered":"https:\/\/theoutdoorshubgt.com\/shop\/?post_type=product&#038;p=18083"},"modified":"2025-07-21T00:04:05","modified_gmt":"2025-07-21T06:04:05","slug":"geckobrands-agile-cinch-backpack","status":"publish","type":"product","link":"https:\/\/theoutdoorshubgt.com\/shop\/index.php\/product\/geckobrands-agile-cinch-backpack\/","title":{"rendered":"GECKOBRANDS AGILE CINCH BACKPACK"},"content":{"rendered":"<p>La mochila de gimnasio elegante y sencilla que buscabas: \u00a1la mochila Agile Cinch! Dise\u00f1ada para transportar c\u00f3modamente tu equipo, ropa, zapatos, bebidas y m\u00e1s. Cuenta con un amplio compartimento principal con cierre de seguridad para acceder f\u00e1cilmente a tu equipo en movimiento y un amplio bolsillo con cremallera para guardar objetos de valor m\u00e1s peque\u00f1os. Un bolsillo inferior con cremallera se abre completamente para mayor espacio de almacenamiento, con paneles de malla que dispersan los olores, ideal para proteger lo sucio de lo limpio.<\/p>\n","protected":false},"excerpt":{"rendered":"<ul>\n<li>Amplio compartimento principal para ropa y accesorios de gimnasio.<\/li>\n<li>3 cierres f\u00e1ciles de ajustar.<\/li>\n<li>La cremallera inferior separa el calzado del resto del equipo. Los paneles de malla permiten la dispersi\u00f3n de olores.<\/li>\n<li>Bolsillo frontal con cremallera.<\/li>\n<li>2 bolsillos extragrandes de malla para tu botella de agua grande favorita.<\/li>\n<li>Correas acolchadas para mochila.<\/li>\n<li>Material(es): 100 % poli\u00e9ster.<\/li>\n<\/ul>\n","protected":false},"featured_media":18084,"template":"","meta":[],"product_cat":[119,118,94],"product_tag":[],"class_list":{"0":"post-18083","1":"product","2":"type-product","3":"status-publish","4":"has-post-thumbnail","6":"product_brand-geckobrands","7":"product_cat-backpacks","8":"product_cat-mochilas","9":"product_cat-productos","11":"first","12":"instock","13":"shipping-taxable","14":"purchasable","15":"product-type-simple"},"_links":{"self":[{"href":"https:\/\/theoutdoorshubgt.com\/shop\/index.php\/wp-json\/wp\/v2\/product\/18083","targetHints":{"allow":["GET"]}}],"collection":[{"href":"https:\/\/theoutdoorshubgt.com\/shop\/index.php\/wp-json\/wp\/v2\/product"}],"about":[{"href":"https:\/\/theoutdoorshubgt.com\/shop\/index.php\/wp-json\/wp\/v2\/types\/product"}],"wp:featuredmedia":[{"embeddable":true,"href":"https:\/\/theoutdoorshubgt.com\/shop\/index.php\/wp-json\/wp\/v2\/media\/18084"}],"wp:attachment":[{"href":"https:\/\/theoutdoorshubgt.com\/shop\/index.php\/wp-json\/wp\/v2\/media?parent=18083"}],"wp:term":[{"taxonomy":"product_cat","embeddable":true,"href":"https:\/\/theoutdoorshubgt.com\/shop\/index.php\/wp-json\/wp\/v2\/product_cat?post=18083"},{"taxonomy":"product_tag","embeddable":true,"href":"https:\/\/theoutdoorshubgt.com\/shop\/index.php\/wp-json\/wp\/v2\/product_tag?post=18083"}],"curies":[{"name":"wp","href":"https:\/\/api.w.org\/{rel}","templated":true}]}}